6 + 83 = 0, -4*n + 233 = 3*v. What are the prime factors of v?
71
Let y(d) = -137*d + 8. Let b be y(-2). Suppose h = -2*i + 47 + b, 0 = -i - 2. List the prime factors of h.
3, 37
What are the prime factors of 58/841 + 14490/145?
2, 5
Let n(p) be the first derivative of 5/3*p**3 - 1/2*p**4 + 2*p**2 + 10*p + 26. List the prime factors of n(-4).
2, 101
Let s be (3/(-2))/(1 - (-12)/(-8)). What are the prime factors of 8*(s/(-2))/(-3) - -241?
5, 7
Let i(x) = x**3 + 8*x**2 - 7*x + 23. Let t be i(-9). Suppose -t*k + 999 = s, 0 = -8*k + 3*k - 4*s + 1011. What are the prime factors of k?
199
Let t = 14 - 1. Suppose 9*r = t*r - 1000. What are the prime factors of 1/((45/r)/9)?
2, 5
Let a be (2 - (-4)/(-2))/(1 + -2). Suppose a*u - 703 = -5*x - u, -x + 5*u + 151 = 0. Suppose -21 = 4*o - x. List the prime factors of o.
2, 3, 5
Let s(r) = -3*r**3 + 24*r**2 - 17*r + 6. Let n be s(11). Let q = -811 - n. List the prime factors of q.
3, 17
Suppose 42 = 24*v + 162. Let s(o) = -o**3 + o**2 - 5*o + 2. Let k(b) = b**3 - b**2 + 5*b - 1. Let d(w) = -5*k(w) - 4*s(w). List the prime factors of d(v).
2, 43
Let m(z) = -58*z + 1108. Let d be m(20). Let q = 234 - 92. List the prime factors of (d/(-8) - 7) + q/4.
5, 7
Let r = -3377 + 3944. What are the prime factors of r?
3, 7
Suppose -f - 24 = -5*f. List the prime factors of f/(-8)*34*(0 + -4).
2, 3, 17
What are the prime factors of 38 + 45918 - (10 - 19)?
5, 29, 317
Let i = -62487 + 92861. List the prime factors of i.
2, 15187
Let t be (-6)/3*(-5)/2. Suppose 7 = -b + 11. Suppose -g + 5*g = -2*r + 398, -389 = -b*g - t*r. List the prime factors of g.
101
Suppose -194209 = 41*j - 227961 - 317536. List the prime factors of j.
2, 3, 7, 17
Suppose -j + 8 = 3*c, -2*c + 6*c = 8. Let g be 22/(4/(-4)) - j. Let o = -16 - g. What are the prime factors of o?
2
Suppose 5*i + 2*a + 221 = -288, -i + a = 106. Let y = -15292 - -15364. Let g = y - i. List the prime factors of g.
5, 7
Suppose 16*z = 113149 + 166771. What are the prime factors of z?
5, 3499
Let g(b) = 143*b - 4. Let o be 1*5*9*2/18. Let d be g(o). Suppose 6*i - 3*i = d. List the prime factors of i.
3, 79
List the prime factors of ((-2)/(8/(-30061)))/(-5 - 42/(-8)).
23, 1307
Let q = 103 - -29. Let v be q/(-14)*(-22 - -8). Suppose -2*s - 2*l = -v, 2*l - 2 = 3*l. What are the prime factors of s?
2, 17
Let b(h) = 2458*h**2 + 2243*h + 4. List the prime factors of b(-4).
2, 3, 5, 11, 23
Let r(c) = -c**3 - 10*c**2 - 3*c - 25. Let o be r(-10). Suppose o*p - 2*i = 17 - 0, 2*p = -2*i + 4. Suppose p*m - 1 - 20 = 0. List the prime factors of m.
7
Let q(n) = 2*n**3 + 2*n**2 - 3*n + 1. Let j be q(1). Suppose -5 + j = k. What are the prime factors of (36/(-30))/(k/35)?
2, 7
Suppose 21*h + 15*h = 180. Suppose h*w - 1125 = -32*n + 30*n, -4*n = 20. List the prime factors of w.
227
Let u(r) = r**3 + 9*r**2 - 23*r + 1. Let c be u(-11). Suppose 5*b - 1603 = -3*y, 2*y + c*b - 17*b = 1102. What are the prime factors of y?
541
Suppose 0 = 5*z - 2931 + 126. List the prime factors of z - (28/(-56) + 7/(-2)).
5, 113
Let i be (-2)/18*2 + (-7 - 1430/(-198)). Let b(d) = d**2 - 2 + 15 + 131. What are the prime factors of b(i)?
2, 3
Suppose 0 = -11*s + 54 + 67. Suppose 4*d + 7 - s = 0, -3*j = -4*d - 3575. What are the prime factors of j?
1193
Let g(p) = -p**3 - 27*p + 7 + 21 - 3 - 14*p + 6*p**2 + 15*p**2. Let a be 3 + (-15 + 0)/(-1). List the prime factors of g(a).
7, 37
Let x(y) = -y**2 - 23*y - 16. Let j be x(-22). Let k(t) = 2*t**3 - 2*t**2 + 11*t - 96. What are the prime factors of k(j)?
2, 3, 5, 11
Suppose n - 6*n + 12 = -3*y, -4*n + y + 11 = 0. Suppose 0*r - n*r - 9 = -5*p, -4*p + 4 = -4*r. Suppose 531 = p*d + 75. What are the prime factors of d?
2, 19
Let r(i) = -i**3 - 11*i**2 + 6*i + 14. Let p be r(-9). Let o = p - -883. List the prime factors of o.
3, 227
Let g(f) = 37 + 4*f + 3*f**2 + f**2 + 0. List the prime factors of g(9).
397
Let c = 124647 + -68203. What are the prime factors of c?
2, 103, 137
Let i be (0/(-6))/(8/4). Suppose j + i*m - 4*m - 68 = 0, -5*m + 136 = 3*j. Suppose -32*a = -30*a - j. List the prime factors of a.
2, 13
Suppose 5*g - 3*y + 13 = -22, 5*y + 28 = -4*g. List the prime factors of 1/g - 536/(-28).
19
What are the prime factors of (-4 + 606/(-9))*(-41076)/56?
3, 107, 163
Let x(p) = 39*p - 118. Let t be x(31). Suppose -8*y + t = -4*y + 5*i, -278 = -y - 3*i. What are the prime factors of y?
269
Let l(v) = 468*v**2 + 272*v + 1298. What are the prime factors of l(-5)?
2, 11, 23
Suppose -14*j - 2*s = -12*j - 9416, -j - 3*s = -4714. List the prime factors of j.
5, 941
Let l(k) = -k**2 - 7*k + 1. Let b be l(-5). Suppose -b*d = -d + 580. List the prime factors of ((-1 - -8) + 1)/((-4)/d).
2, 29
Let v = -306 + 201. What are the prime factors of (693/v)/((-1)/10)?
2, 3, 11
Suppose -4*h + 8 = 0, h + 4 = l + l. Suppose 0 = l*m + 5*y - 2206, 2*m - 406 = 5*y + 1048. What are the prime factors of m?
2, 3, 61
Suppose -13*h = -18*h - 4*x + 17352, 0 = -5*h + 3*x + 17331. List the prime factors of h.
2, 3, 17
Let d = -90 + 111. Suppose 5*t - d = -r, -2*r + 2*t - 26 = -8. List the prime factors of r/1 - (2*238)/(-4).
5, 23
Let f(d) = -d**2 + 37*d - 64. Let w be f(35). Suppose 3*i = 0, -2*i + w*i - 292 = -p. What are the prime factors of p?
2, 73
Suppose 191*l = 196*l - 55. Let r(c) = 66*c + 82. What are the prime factors of r(l)?
2, 101
Let h(k) = 0 + 2*k - 3 + 43*k**2 - k - 3*k. Let x be h(-1). Suppose 6*n + 0*n - x = 0. What are the prime factors of n?
7
List the prime factors of (9 + -15 - -46215) + 9 + 0.
2, 3, 7703
Suppose 1866*f + 1188906 - 84131 = 1973*f. List the prime factors of f.
5, 7, 59
Suppose -3*s = -3*o + 132, s = -0 - 2. Suppose -2*j + 3*l + 24 = j, -o = -5*j + 4*l. Suppose -j*z + 7*z = -183. List the prime factors of z.
61
Let i be (5/1)/(40/1808). Suppose 755 = 5*r + 5*n, 2*n + i = 2*r - 68. What are the prime factors of r?
149
Suppose -2*f = -82 - 114. Suppose -4*x + f + 6 = 0. What are the prime factors of x?
2, 13
Let l(r) = 3*r**3 + 4*r**2 + 2. Suppose 0*x + 45 = 9*x. What are the prime factors of l(x)?
3, 53
Suppose 14*n + 0*n - 196 = 0. Suppose -20*t = -n*t - 2670. List the prime factors of t.
5, 89
Let q = -285 - 253. Let m = q + 898. What are the prime factors of m?
2, 3, 5
Suppose 0 = -40*f - 108*f + 36260. What are the prime factors of f?
5, 7
Let v = 3974 + 3507. List the prime factors of v.
7481
List the prime factors of (38872/(-16) - 5)*40/(-12).
3, 5, 541
Suppose 8127 = -7*t - 30*t + 10*t. Let o(x) = -52*x**2 + 3*x - 1. Let h be o(3). Let z = t - h. What are the prime factors of z?
3, 53
Let p(i) = 327*i + 3180. List the prime factors of p(139).
3, 13, 29, 43
Let d be ((-24)/9 - -3)/(7/(-23793)). Let t = -261 - d. List the prime factors of t.
2, 109
Suppose 4*w - 88880 = -2*c, -5*w - 133353 = 2*c - 5*c. List the prime factors of c.
2, 71, 313
Suppose 394 - 306 = 8*u. Let b(s) = 8*s**2 + 29*s - 42. What are the prime factors of b(u)?
3, 5, 83
Let s(x) = 1169*x**2 - x - 5. Let q be s(-1). Suppose 0 = -8*v - q + 4221. List the prime factors of v.
2, 191
Let j be ((-12)/30 - (-46)/(-10)) + 26. Suppose 15 = -5*m, 20*y - 4*m + 144 = j*y. What are the prime factors of y?
2, 3, 13
Suppose 86*p - 4160 = 84*p. List the prime factors of 32/(-48) - p/(-6).
2, 173
Let s be 2/(-3)*41499/(-18). Suppose 0 = 6*w - 6697 + s. List the prime factors of w.
2, 5, 43
Let j = 19 - 15. Suppose 3*x - 15 = 0, j*c - 3*x + 0*x = -11. List the prime factors of 7 + -4*1/c.
3
Suppose 4*n + 4*n = -16. Let g(x) = 481*x**2 + 5. Let v be g(n). What are the prime factors of v/8 - (-7)/(-56)?
241
Suppose 3*n - 13546 - 20228 = 5*l, 3*n - 4*l - 33771 = 0. List the prime factors of n.
3, 11, 31
Let m(j) be the second derivative of j**4/6 - 7*j**3/2 + 7*j**2 - 2*j. Let a be m(10). Let n(b) = b**2 - 4*b + 10. List the prime factors of n(a).
2, 5
Let d = 3246 - -8019. List the prime factors of d.
3, 5, 751
Suppose 4*k = -t + 18, -24 = -3*k - k - 4*t. Suppose 6*b + k*b + 300 = 0. List the prime factors of ((-36)/(-7))/(b/(-1365)).
2, 3, 13
Suppose -8*v + 10*v - 22062 = 4*n, -2*n = 3*v - 33141. List the prime factors of v.
3, 409
Suppose 5*r - 451 = -2*g, -209 = -2*g + g + 3*r. Suppose g = -5*k + 8. What are the prime factors of (34/(-6))/(4 + 170/k)?
7, 17
Let h be (4/9*3)/(2/15342). Suppose -h + 38